 p(1).
35
Let f(o) = 2*o**3 - 14*o**2 + 20*o + 16. Calculate f(6).
64
Let t(h) = 182*h**2 + 110*h + 332. Calculate t(-3).
1640
Let r(j) = 16*j**2 - 416*j - 34. Calculate r(26).
-34
Let n(r) = -41*r**2 + 5*r - 1. Determine n(1).
-37
Let f(h) = -32*h - 1459. Calculate f(-45).
-19
Let c(z) = 692*z + 433. Determine c(0).
433
Let d(a) = -3*a**2 + 18*a - 96. Give d(10).
-216
Let k(g) = 2*g**3 + 19*g**2 - 234*g + 13. Calculate k(7).
-8
Let x(r) = -3*r**2 + 5*r + 18. What is x(-6)?
-120
Let h(q) = -2*q**2 + 140*q + 734. Determine h(-5).
-16
Let f(i) = 3*i**2 + 411*i + 2356. Determine f(-6).
-2
Let x(i) = -2*i**3 - 4*i**2 - 2385*i - 1. What is x(0)?
-1
Let v(p) = 4*p**2 - 50*p - 382. What is v(18)?
14
Let q(d) = 22*d**2 + 129*d - 390. What is q(-8)?
-14
Let f(i) = -264*i - 4923. Give f(-19).
93
Let w(j) = 995*j - 154225. Determine w(155).
0
Let p(g) = -70*g - 403. What is p(-11)?
367
Let m(a) = 7*a**2 - 4*a + 7. What is m(-4)?
135
Let t(x) = 2*x**2 + 177*x - 267. What is t(-90)?
3
Let f(m) = -7*m + 1340. What is f(39)?
1067
Let r(s) = -2*s**2 - 69*s - 782. What is r(-28)?
-418
Let p(d) = -d**3 - 42*d + 119. Calculate p(3).
-34
Let i(y) = -y**2 - 43*y + 797. Give i(-57).
-1
Let l(n) = -n**2 + 9*n + 40. Calculate l(12).
4
Let p(v) = v**2 - 138*v - 1018. Determine p(-7).
-3
Let g(t) = 70*t + 157. Give g(-2).
17
Let d(r) = 61*r + 4921. Determine d(-79).
102
Let g(u) = -u**3 - 105*u**2 + 332*u + 841. Give g(-108).
-23
Let d(j) = 41*j + 1881. What is d(-46)?
-5
Let s(n) = -n**3 - 44*n**2 + 94*n - 2203. Determine s(-47).
6
Let u(p) = -3*p**3 - 20*p**2 - 5*p + 21. What is u(-6)?
-21
Let w(n) = n**2 + 54*n - 442. What is w(-63)?
125
Let y(i) = 4*i**2 - 74*i - 206. Determine y(21).
4
Let h(v) = 92*v - 1163. Give h(15).
217
Let r(u) = -u**2 + 77*u - 1176. Give r(56).
0
Let h(p) = -109*p + 17988. Calculate h(165).
3
Let g(l) = 308*l + 13245. Calculate g(-43).
1
Let k(v) = v**3 - 14*v**2 + 22*v - 44. Calculate k(13).
73
Let r(a) = -a**3 + 93*a**2 + 293*a - 511. Determine r(96).
-31
Let u(r) = 24*r + 117. Give u(7).
285
Let j(k) = k**3 + 209*k**2 - 639*k + 16. What is j(3)?
7
Let j(b) = -3*b**2 - 307*b - 4070. Calculate j(-15).
-140
Let a(y) = 178*y + 9787. Determine a(-55).
-3
Let i(p) = p**2 + 95*p + 970. Give i(-83).
-26
Let n(v) = -5*v**3 + 9*v**2 - 15*v + 22. What is n(3)?
-77
Let n(y) = -1081*y - 3254. Determine n(-3).
-11
Let l(q) = 6*q + 134. Determine l(17).
236
Let d(l) = -2*l**2 + 33*l + 55. Give d(21).
-134
Let l(m) = m**3 - 64*m**2 + 62*m + 83. Determine l(63).
20
Let p(u) = -1090*u**2 - 18*u + 18. Calculate p(1).
-1090
Let o(w) = 433*w + 2082. What is o(-5)?
-83
Let t(c) = 3*c**2 - 16. Determine t(8).
176
Let i(o) = 2*o**3 - 12*o**2 + 41*o - 246. Give i(6).
0
Let g(c) = 315*c - 3032. What is g(9)?
-197
Let t(o) = 73*o**3 - 4*o - 6. Give t(-1).
-75
Let d(k) = -21*k + 11. Give d(-3).
74
Let d(p) = -128*p - 683. What is d(-6)?
85
Let v(k) = -k**2 - 34*k - 305. What is v(-21)?
-32
Let b(k) = 86*k + 622. Calculate b(0).
622
Let o(j) = -151*j + 5895. What is o(39)?
6
Let a(p) = 2*p**3 + 193*p**2 + 2441*p - 47. Determine a(-15).
13
Let t(k) = 3*k**2 + 149*k - 2010. Give t(11).
-8
Let v(c) = -3*c**2 + 113*c + 501. What is v(-4)?
1
Let b(h) = 3*h**2 + 217*h - 10847. Calculate b(34).
-1
Let l(t) = t**3 + 6*t**2 - 21*t - 32. Determine l(-8).
8
Let h(m) = 5*m**3 + 184*m**2 - 40*m - 66. Calculate h(-37).
45
Let o(w) = -w**3 - 15*w**2 + 11*w - 5. Determine o(-16).
75
Let b(c) = -41*c - 13. Give b(-4).
151
Let w(r) = -3*r**2 + 39*r + 211. Give w(-5).
-59
Let l(k) = -k**3 + 152*k**2 - 1150*k - 290. Calculate l(144).
-2
Let q(z) = 20*z + 804. Determine q(-26).
284
Let x(i) = -6*i**2 + 319*i - 160. Give x(53).
-107
Let r(v) = -v**3 + 19*v**2 - 30*v - 63. Determine r(17).
5
Let p(j) = -188*j - 1134. What is p(-6)?
-6
Let u(x) = -5*x - 65. What is u(7)?
-100
Let a(t) = -3909*t - 35138. What is a(-9)?
43
Let x(y) = 40*y**2 - 2841*y + 48. Give x(71).
-23
Let w(u) = u**2 + 28*u + 242. What is w(-26)?
190
Let g(d) = d**2 - 176*d - 349. Calculate g(-2).
7
Let w(f) = -89*f - 1719. What is w(-19)?
-28
Let g(u) = -u**3 + 24*u**2 - 43*u + 481. Calculate g(23).
21
Let d(u) = -u**3 + 8*u**2 - 20*u + 28. Give d(5).
3
Let u(q) = 45*q - 1502. Give u(33).
-17
Let i(j) = -83*j**2 - 2155*j + 77. What is i(-26)?
-1
Let r(u) = -2928*u - 14589. Determine r(-5).
51
Let z(i) = 32*i**2 - 52*i + 2. Give z(2).
26
Let q(j) = -29*j - 36. Determine q(2).
-94
Let z(q) = q**3 + 7*q**2 + 21*q + 26. Give z(-9).
-325
Let s(t) = -58*t + 899. What is s(13)?
145
Let b(g) = 20*g**2 - 70*g + 68. Give b(2).
8
Let s(z) = -34*z**2 + 135*z - 45. Calculate s(3).
54
Let w(r) = -3*r**3 - 15*r**2 - 2*r + 12. Calculate w(-7).
320
Let x(h) = 763*h - 3808. Determine x(5).
7
Let a(h) = -275*h**3 + h**2 - 5*h + 4. Give a(1).
-275
Let z(o) = 11*o + 117. Calculate z(-15).
-48
Let i(k) = 488*k + 78. Determine i(0).
78
Let r(a) = -3*a**2 + 68*a - 175. Give r(19).
34
Let y(o) = -69*o + 30. What is y(2)?
-108
Let d(m) = -m**2 - 40*m - 283. Give d(-26).
81
Let r(k) = -140*k**2 - 85*k + 86. Determine r(1).
-139
Let n(v) = 84*v + 627. Calculate n(-7).
39
Let g(y) = y**3 + 36*y**2 + 87*y - 407. What is g(-33)?
-11
Let z(s) = 32*s + 2500. Calculate z(-78).
4
Let q(p) = -p**3 + 13*p**2 + 13*p - 145. What is q(7)?
240
Let q(g) = -34*g + 165. Give q(-4).
301
Let m(c) = -c**3 + 51*c**2 - 69*c + 800. What is m(50)?
-150
Let f(l) = -l**2 - 26*l + 165. What is f(-31)?
10
Let h(v) = v**3 - 31*v**2 + 67*v - 332. Calculate h(29).
-71
Let l(j) = -3*j**2 + j + 91. Determine l(-6).
-23
Let u(s) = s**3 - 9*s**2 + 3*s + 25. Determine u(8).
-15
Let r(w) = -w**2 + 18*w + 6. Determine r(19).
-13
Let p(u) = 2*u**2 + 421*u + 2252. Give p(-205).
-3
Let n(f) = -4*f**2 + 10*f + 2. What is n(-2)?
-34
Let y(s) = s**3 + 17*s**2 - 26*s - 72. What is y(-18)?
72
Let w(r) = 349*r + 53. Calculate w(1).
402
Let g(l) = -3213*l + 28920. Calculate g(9).
3
Let t(g) = 2*g - 129. What is t(-8)?
-145
Let t(b) = 5*b**2 + 2*b - 23. Determine t(0).
-23
Let h(s) = 3*s**2 - 64. Determine h(-4).
-16
Let n(f) = -f**2 - 14*f - 60. Determine n(-6).
-12
Let c(w) = -19*w + 2216. Calculate c(128).
-216
Let x(j) = -j**3 + 10*j**2 - 10*j + 16. Give x(6).
100
Let r(h) = -42*h**3 - 2*h**2 - h. What is r(-1)?
41
Let o(q) = 2*q**2 - 31*q - 2609. What is o(44)?
-101
Let w(d) = -d**3 + 11*d**2 - 705*d + 6946. Calculate w(10).
-4
Let f(l) = -l**3 + 9*l**2 + 8*l - 3. Calculate f(10).
-23
Let r(x) = 3*x**3 - 2*x**2 - 11*x - 110. Calculate r(-6).
-764
Let b(f) = -3*f**2 + 136. Calculate b(0).
136
Let w(g) = -2*g**2 - 605*g - 4130. Give w(-7).
7
Let c(p) = -91*p - 549. Determine c(-6).
-3
Let y(s) = -8*s**2 + 193*s + 1166. Determine y(-5).
1
Let s(c) = -5*c**2 - 68*c - 533. Calculate s(-9).
-326
Let j(y) = 3*y - 25. Give j(-5).
-40
Let w(t) = -2*t**3 - 3*t**2 + 105*t + 223. What is w(-2)?
17
Let t(u) = -u**3 + 6*u**2 - 44. Calculate t(6).
-44
Let x(a) = -53*a**3 + a**2 - a - 1. Determine x(1).
-54
Let z(g) = -346*g - 11745. Determine z(-34).
19
Let j(k) = 2*k**3 - 161*k**2 + 1348*k + 65. Calculate j(71).
-6
Let d(r) = -16*r + 54. What is d(1)?
38
Let r(b) = -b**2 - 8*b - 37. Determine r(-16).
-165
Let y(w) = -22*w**2 - 880*w + 29. Calculate y(-40).
29
Let v(y) = -y**3 + 11*y**2 - 25*y + 21. Calculate v(9).
-42
Let z(n) = 4*n**2 + 52*n + 5. Give z(10).
925
Let q(h) = 34*h + 2056. What is q(-60)?
16
Let x(y) = 2*y**3 - y**2 + 13*y - 36. What is x(5)?
254
Let y(z) = z**3 - 54*z**2 + 199*z - 99. What is y(50)?
-149
Let d(k) = k**3 - 61*k**2 - 2611*k + 126. Give d(90).
36
Let v(y) = -y**3 - 14*y**2 - 18*y + 44. What is v(-11)?
-121
Let p(d) = -148885*d - 148880. Determine p(-1).
5
Let h(t) = 7*t + 482. Give h(-19).
349
Let g(s) = -15*s - 1112. Calculate g(-75).
13
Let n(d) = -15*d**2 + 15*d + 6. What is n(2)?
-24
Let s(x) = x**3 + 7*x**2 - 5*x - 118. Give s(-10).
-368
Let b(t) = 4519*t - 329879. Give b(73).
8
Let j(i) = 9*i**2 - 85*i + 275. Calculate j(4).
79
Let z(w) = -4*w**2 - 1905*w + 9552. Determine z(5).
-73
Let y(v) = -38*v + 3430. Give y(94).
-142
Let w(z) = -8*z**2 - 2147*z + 4296. Determine w(2).
-30
Let p(q) = -1057*q - 5288. What is p(-5)?
-3
Let d(h) = -2*h**3 + 33*h**2 - 79*h - 146. Calculate d(13).
10
Let f(x) = 127*x - 2288. What is f(18)?
-2
Let g(t) = t**2 + 196*t - 18287. Dete